ctors of a(20).
7, 1429
Suppose 20*n - 14*n = 24. Suppose -n*z = -5*z + 48. What are the prime factors of z?
2, 3
List the prime factors of -4 - (13 - 12)/((9 + -4)/(-173975)).
3, 11597
Let j(i) = i**2 + 3*i + 2. Let v be j(-1). Suppose -7*p + 2*p - 2*f = -2, -p - 3*f + 3 = v. Suppose p = r - 5*r + 184. List the prime factors of r.
2, 23
Let m be 5 + (-4)/10*(0 - -5). Suppose 0 = v - m, -2*n = 5*v - 25. Suppose n*h - 4 + 205 = 4*x, -5*x + h = -267. List the prime factors of x.
2, 3
Suppose 5*v + 5*u - 4175 = -0*u, 5*v + 4*u = 4174. What are the prime factors of 0 + 3 + v + (11 - 2)?
2, 3, 47
Let i = 334 + -331. Suppose i*d = d + 4*k + 886, -3*d + 1308 = k. List the prime factors of d.
19, 23
Let r = 173 + 382. Let s = -301 + r. List the prime factors of s.
2, 127
Suppose -1539648 = -299*z + 218*z. List the prime factors of z.
2, 3, 11
Suppose 0 = 78*y - 10053 - 32100 - 23679. What are the prime factors of y?
2, 211
Let n(f) = 18*f - 14. Let g = -49 - -10. Let i = -32 - g. What are the prime factors of n(i)?
2, 7
Let r(w) = -w**2 + 28*w - 203. Let p be r(18). Suppose -h + 3*n = -47, -3*n - 174 = -4*h + 2*n. Let v = h - p. What are the prime factors of v?
2
Suppose -3*h + 1154 = -1372. Suppose 31*d - 30*d - h = 0. List the prime factors of d.
2, 421
Let g be -10 + (-9)/(18/4). Let v be (g/27)/(-2) + (-42)/(-54). Let p = v + 20. List the prime factors of p.
3, 7
Let s(x) = 15*x**2 + 7*x - 7. Let q(a) = -2*a**2 - a + 1. Let v(j) = 42*q(j) + 6*s(j). Let z be (2 + 0)/(-1) + -2. What are the prime factors of v(z)?
2, 3
Let k(j) be the third derivative of 5*j**4/12 - j**3/6 - 6*j**2. Let w be k(1). Suppose 472 = w*p - p. List the prime factors of p.
59
Suppose -5*l - 5*n = -9 - 16, 0 = -4*n. Suppose -2*b + 5 = l*g, 3 = b - 4*g + 7. Suppose h - 47 = -2*q - b*h, q - 25 = -h. What are the prime factors of q?
2, 11
Let h = -61 + 101. Suppose 2*y - h = -5*i, -2*i - 4*y = -6*i + 4. Suppose 0 = 2*l - 4*l + i, 54 = d + 3*l. List the prime factors of d.
3, 5
List the prime factors of (7*-998)/((-12 - -4)/4).
7, 499
Suppose 0 = 67*y - 29268 - 362148 - 736328. What are the prime factors of y?
2, 263
Let r = -3112 - -3108. Let i be (-400)/(-6) - (-2)/(-3). List the prime factors of i/24 + (-1)/r.
3
List the prime factors of 100146/(-2)*((-4)/(-14))/((-738)/1722).
2, 16691
Suppose -2*t + 5 = 1. Suppose 0 = 3*i + 2*v - 728, 4*i - 959 = -3*v - t*v. Suppose 0 = -4*m + g + 646, i = -4*m + 3*g + 888. List the prime factors of m.
2, 3
Let u(x) = -2*x**2 - 4 + 6 + 26*x - 23*x. Let a be u(-2). Let f = 21 + a. What are the prime factors of f?
3
Suppose 0 = 10*c - 10093 - 17767. Suppose -9*n + 2776 = -c. What are the prime factors of n?
2, 3, 103
Let q = 58 - 64. Let s be ((-102)/5)/(2/(80/q)). Suppose -4*m + s = 4*t, -4*m - 5*t = -132 - 7. List the prime factors of m.
31
Let o(c) = 35*c**2 + 14*c + 17. Let n(l) = -5*l - 115. Let g be n(-24). What are the prime factors of o(g)?
2, 13, 37
Let d be -45*5*(-14)/175. Let b(p) = p + 223. What are the prime factors of b(d)?
241
Let l(d) = -d**2 + 3*d + 15. Let s be l(5). Suppose s*j - 562 = -3*i, -3*i - 3*j = -i - 374. What are the prime factors of i?
2, 23
Suppose -s = s - 6. Suppose -83*j = -82*j - 363. Suppose -s*m - 129 = -j. What are the prime factors of m?
2, 3, 13
Let y = -6119 + 7023. List the prime factors of y.
2, 113
Suppose -558 = -3*h + g - 58, 5*h - 840 = 5*g. Suppose 5*k + 420 = 2*w - 6*w, 3*k + 260 = -4*w. Let t = k + h. What are the prime factors of t?
2, 43
What are the prime factors of 2799/(-4)*624/(-117)?
2, 3, 311
Suppose -h + 63 = w, -2*h + 118 = 5*w - 7*w. Suppose 66*i - h*i = 2200. What are the prime factors of i?
2, 5, 11
Suppose -4*y - 75*i + 42153 = -76*i, 31610 = 3*y + 4*i. List the prime factors of y.
2, 11, 479
Let o = 4921 + 2083. What are the prime factors of o?
2, 17, 103
Suppose -62 + 340 = 5*u + 4*p, u - 4*p = 70. Suppose 3*f + q - 50 - 23 = 0, -2*f + u = 3*q. List the prime factors of f.
23
Let h(g) = 49*g**2 - 17*g - 484. What are the prime factors of h(-14)?
2, 4679
Suppose -443 = -q + 3*j - 4*j, 1321 = 3*q + 5*j. Let d be 5824/(-30) - (1819/(-255) + 7) - 3. Let l = q + d. What are the prime factors of l?
2, 5
Let j be (-6 - -21 - (3 - 8)) + 5. Suppose 0 = -23*a + j*a - 492. What are the prime factors of a?
2, 3, 41
Let j be ((-4)/(-4))/((-4)/(-8)). Suppose -9*m - j*m + 1100 = 0. Let w = m + -3. What are the prime factors of w?
97
Let c(y) = 48*y**2 + 10 + 27*y + y**3 - 32 - 17*y**2 - 45 - 1. What are the prime factors of c(-30)?
2, 11
Suppose 2*q - 3*x = -5*x - 178, -4*q + 5*x - 329 = 0. Let o = -84 - q. Suppose -r = -4*r + 2*y + 215, y - 141 = -o*r. List the prime factors of r.
71
Suppose l - 5*m = 39, l - 2*m = -4*l + 80. Suppose 0 = 11*q - l*q + 405. Let t = q - 82. List the prime factors of t.
53
Let d = 116 - 93. Suppose -o + d + 36 = 0. Let r = 102 + o. What are the prime factors of r?
7, 23
Suppose -9*h = -289 + 10. Suppose h*z - 12600 = z. What are the prime factors of z?
2, 3, 5, 7
Let g(c) = -1796*c + 3445. What are the prime factors of g(-17)?
61, 557
Suppose k = -4*o + 23, 0 = o - 5*o - 5*k + 19. Suppose 31*c - o = 29*c. List the prime factors of 4 + 1/(c/267).
3, 31
Suppose 654 = 4*q + l, 2*q - 515*l - 336 = -511*l. Suppose -2009 = -4*d - 601. Let z = d - q. What are the prime factors of z?
2, 47
Suppose -24*g + 378 = -17*g. Suppose 18 - 93 = 3*u. Let l = g + u. What are the prime factors of l?
29
Let v(x) = -28*x**2 - x. Let n(p) = 28*p**2. Let o(m) = 6*n(m) + 5*v(m). Let g = 31 - 29. List the prime factors of o(g).
2, 3, 17
Suppose l - 6996 = 13*l. Let c = l - -1535. List the prime factors of c.
2, 7, 17
Suppose 56*m = 36*m + 29*m - 212760. List the prime factors of m.
2, 3, 5, 197
Let i be (-504)/(-5)*70/14. Suppose -4*c + i = -4*v, -5*v + 20 = -0*v. Suppose 8*y - 78 = c. What are the prime factors of y?
2, 13
Suppose 4*s = 2*a + a + 16, -2*a - 6 = 2*s. List the prime factors of ((-526)/(-4))/(s/2).
263
Let j = 583 - -3127. Let d(p) = -6*p + 6. Let l be d(1). Suppose l*c = -14*c + j. What are the prime factors of c?
5, 53
Suppose -5*f - 4*b = -9*b - 75, 33 = 2*f - 3*b. Let k(z) = z**2 - 22*z - 10. Let x be k(f). Let u = x - -172. What are the prime factors of u?
2, 3, 7
Let y = 21336 + -14573. What are the prime factors of y?
6763
Let z(g) be the third derivative of -g**5/30 - 3*g**4/2 - 14*g**3/3 - 2*g**2 - 94*g + 19. Let s = -19 + 2. What are the prime factors of z(s)?
2, 3
List the prime factors of (-2)/10*372*(-156800)/1680.
2, 7, 31
Let g(s) = 216*s**2 + 618*s - 19. What are the prime factors of g(-8)?
8861
Let z(q) = -447*q**3 + 6*q**2 - 23*q - 136. List the prime factors of z(-4).
2, 5, 1433
Suppose 25731 = 2*o + 2823. List the prime factors of o/(-184)*(-8)/6.
83
Suppose -531435 - 286620 = -21*c. List the prime factors of c.
3, 5, 7, 53
What are the prime factors of 22701 + -11 - 30/(-50)*15?
22699
Suppose 16*l = 13*l + y + 13620, -2*l + 9080 = 6*y. List the prime factors of l.
2, 5, 227
Let a be 4/8*-1*-156. Let r = a - 64. Suppose -1372 = r*y - 4046. List the prime factors of y.
191
Let d(f) = -1581*f + 13813. List the prime factors of d(0).
19, 727
Let s(c) = 305*c**2 + 326*c - 31. List the prime factors of s(10).
3, 11243
Let w(j) = j. Let d(u) = -u**2 + 49*u - 48. Let y(t) = d(t) - 6*w(t). Let x be y(28). Let i = x - 253. List the prime factors of i.
7, 17
Suppose -29 = -3*o + n, -2 + 13 = o + n. Suppose -2*w - 24 = -o*w. Suppose 0 = w*g - 277 + 106. List the prime factors of g.
3, 19
Let i = -44010 - -102855. What are the prime factors of i?
3, 5, 3923
Let u(l) = 15*l**2 + 432*l + 16. List the prime factors of u(38).
2, 89, 107
Suppose 7*t + 7*t = 84. List the prime factors of 1602/t - (-2 + 8).
3, 29
Suppose -v - 2*v - 3 = 0, -5*v = x + 9. Let g(q) = 2*q**2 - 2*q + 2. Let l(r) = r - 1. Let s(o) = 5*g(o) + 6*l(o). List the prime factors of s(x).
2, 3, 5
Let q be -4 + (13 - 6 - 5). List the prime factors of ((-1364)/(-8))/(5*q/(-20)).
11, 31
Suppose 0 = -8751*q + 8748*q + 11313. List the prime factors of q.
3, 419
Suppose 2*q + 4 = 0, 0*i = i + 5*q - 5. Let h = i - -421. List the prime factors of h.
2, 109
Suppose -4*j - j + 3*x = -2560, -2*j - x = -1013. Let b = j + -444. List the prime factors of b.
5, 13
Let x(z) = -6*z + 6. Let g be x(1). Suppose -18*i 